Let o(h) = j*l(h) + t*r(h). Calculate o(-4).
8
Let n(o) = 7*o. Let m(p) = -2*p**2 - 50*p - 53. Let z be m(-24). Let u(s) = s**3 + 5*s**2 + 3*s + 14. Let q be u(z). Give n(q).
-7
Let l(n) be the first derivative of 3*n**2/2 - 7*n + 877. Calculate l(3).
2
Let x(f) = f - 1. Suppose -5 = -v + 3. Suppose -2*y - v = 2*l, 0 = 4*l + 2*y - 3*y + 26. Let s = l + 12. Determine x(s).
5
Suppose -50*b + 53*b = -240. Let h = b - -75. Let t(w) = w - 1. Determine t(h).
-6
Suppose 0 = 3*m, -4*m = -j - m + 4. Let y be (j/(-2))/(1 - -1). Let s(g) = 12*g**2 - 7*g**3 + 2*g - 1 - 3*g - 11*g**2. Calculate s(y).
8
Let y(h) = 5*h**2 + 2*h - 1. Let w = -33 - -35. Suppose -i + 6 = -2*z, 2*z = w*i + 5*z + 16. Determine y(i).
15
Let r(q) be the second derivative of -1/12*q**4 + 2/3*q**3 + 0 - q**2 - 16*q. Give r(6).
-14
Let a(g) = -2*g**2 + 8*g - 7. Let l(d) = -5*d - 7. Let s be l(-2). Let n(y) = -y**2 + 4*y + 2. Let i be n(s). Determine a(i).
-17
Let z(j) = j + 4. Let a = -582 + 601. Determine z(a).
23
Let n(q) = 16*q**2 - 1884*q - 463. Let h be n(118). Let a(g) = g + 6. Let u(y) = 1. Let v(k) = -a(k) + 4*u(k). What is v(h)?
-11
Let i(f) = f**2 + 2*f + 4. Let l be i(-2). Suppose 0 = 2*z - l*r + 18, -z + 3*r = -4*z. Let k be 3 + (-12)/(5 + z). Let a(h) = -h**2 - 7*h - 4. Calculate a(k).
8
Let l(g) = g**2 + 3. Let s(d) = 4*d**2 + 9. Let b = -16 - -23. Let h(v) = b*l(v) - 2*s(v). What is h(0)?
3
Let x(l) = -4*l - 16. Let j(a) = -5*a - 16. Let i(w) = -3*j(w) + 4*x(w). Let d be i(-11). Let r be 7 + -1 + 4 + d. Let y(k) = -2*k + 6. Give y(r).
-4
Let i(a) = -8*a + 6*a + 4*a**3 + 0 - 5*a**3 - 1 - 8*a**2 + 0. What is i(-8)?
15
Let w(d) = -d + 1. Let f be 98/14 - (2 + 0). Let o(x) = -1. Let y(m) = 2*m + 5. Let u(b) = -21*o(b) - 3*y(b). Let c(l) = f*w(l) - u(l). What is c(1)?
0
Let t be (-1 - -2)/(4/16). Let a(z) = -3*z**2 + 7*z - 7. Let o(s) = 4*s**2 - 9*s + 13. Let y(b) = 3*a(b) + 2*o(b). Calculate y(t).
1
Let n(c) = c**3 - c**2 - 2*c + 3. Suppose 53 = -6*i + 35. Calculate n(i).
-27
Suppose 4*k - 34 = 5*p, 2*p = 2*k + 5 - 21. Let m(v) = -v**2 + 5*v - 7. Let n(r) = r + 1. Let x(w) = m(w) + 2*n(w). Determine x(k).
1
Let j(s) = s**2 - 5*s - 1. Suppose 0 = i - 365 + 360. What is j(i)?
-1
Let y(i) = -5*i**2 + i**2 - 3*i**2 - 5 - i**3 - i**2 + i. Determine y(-8).
-13
Let q(z) = -z**2 - 6*z + 6. Let l = -12 - -12. Let w be l/11 + 0/(-1). Suppose w*p + 6 = -p. Give q(p).
6
Suppose 0*b = -b. Let r = 5 - b. Suppose -5*x - 4*u + 25 = -6*x, -r*u + 30 = -x. Let m(p) = 3*p + 6. Determine m(x).
-9
Let w be ((-18)/(-30))/((-2)/10). Let d(a) = -4*a**3 - 8*a**2 + 4*a - 12. Let k(u) = -u**3 - 2*u**2 + u - 3. Let n(z) = 2*d(z) - 9*k(z). What is n(w)?
-3
Let h = -1784 - -1781. Let f(v) = -2*v**3 - 5*v**2 - 2*v + 3. What is f(h)?
18
Let l = -2 - -6. Let s(o) be the first derivative of o**2 - 7. Calculate s(l).
8
Suppose -23*f = -27*f - 8. Let m(i) = i**2 - i - 2. Give m(f).
4
Let b(x) = x**3 - 12*x**2 + 13*x - 12. Let k(i) = -2*i**3 - 16*i**2 - 27*i - 7. Let p be k(-6). Give b(p).
10
Suppose -c - 3*c = -16. Let y be c/22 - (-64)/11. Let z = 10 - y. Let v(a) = -a**2 + 6*a - 4. What is v(z)?
4
Let g(x) = -x + 2*x + 11 - 3*x + 7. Give g(8).
2
Let l(p) be the second derivative of p**5/20 + 2*p**4/3 - 3*p**3/2 - 7*p**2/2 + 194*p + 1. Suppose 4 - 40 = 4*a. Determine l(a).
-7
Let s(a) be the third derivative of -a**5/15 - a**4/12 - a**3/6 + a**2. Let l(h) = -h + 10*h - h - 7*h + 4. Let c be l(-5). Give s(c).
-3
Let q(z) = z**3 - z**2 + z - 2. Let u = 16 - 4. Let l(t) = -3*t - 12. Let x(m) = -2*m. Let h(j) = -l(j) + 2*x(j). Let r be h(u). Calculate q(r).
-2
Let m(n) = -2*n**2 + 17*n + 5. Let w(x) = -2*x**2 + 15*x + 4. Let r(t) = -3*m(t) + 2*w(t). Give r(11).
4
Suppose -2*a + 3*a + 4 = 0. Let r(o) = -o**2 - 4*o - 4. Let m be r(a). Let q(u) = u**2 + 3*u + 2. Calculate q(m).
6
Let p be (-9)/12 + (-69)/(-12). Suppose -2*l - l + 13 = -2*d, p*d + 29 = 4*l. Let v(n) = -17*n**2 + 16*n**2 + n - n - l - n**3. What is v(0)?
-1
Let f be (-4)/(2/5*1). Let c be (-2)/(-3)*495/(-30). Let u = c - f. Let j(x) = -4*x + 1. Calculate j(u).
5
Suppose 0 = 5*k - 36 + 1. Let x(z) = -z + 5*z + 3 - k*z. Determine x(3).
-6
Suppose 5*u - 17 = 3*b, -7*u + 3*b = -3*u - 16. Let q(z) = 2*z + 4. What is q(u)?
6
Let h(q) = -5*q + 44. Let n = 11 + -3. What is h(n)?
4
Let d = -1974 - -1969. Let v(g) = -6*g + 9. Determine v(d).
39
Suppose 16 = -0*h - 4*h. Let d be (0 - -7)*26/91. Let f(l) = 18 - 12 - 7 - 5*l - l**d. Determine f(h).
3
Let u(v) be the second derivative of 28*v + 0 + 1/2*v**3 + 0*v**2. Calculate u(3).
9
Let x(z) = -5*z - 4. Let m = -15 - -13. Let w be m*1*(3 + -4). Suppose 0 = r + 2*b - 1, -w*r - 2*b - 3*b + 4 = 0. Calculate x(r).
11
Suppose 105*d - 102*d = -24. Let r(x) = 2*x + 12. Calculate r(d).
-4
Let h(n) = n**3 + 6*n**2 - 13. Let w(t) = 2*t + 17. Let q be w(-11). Give h(q).
12
Suppose 0*b - 5*b + 30 = 0. Let a(n) = n**2 - 5*n - 1. Let z be a(b). Let q(l) = z*l**2 - 3*l**2 - 4 - l**2 - 3*l. Give q(3).
-4
Let v(s) be the first derivative of 2*s**2 - 6 - 1/3*s**3 - 2*s. Calculate v(6).
-14
Suppose 176*p + 150 = 171*p. Let h(k) = -k**3 - 32*k**2 - 60*k - 8. Determine h(p).
-8
Let i(d) be the first derivative of -d**4/4 - 2*d**3/3 - d**2/2 - 2*d + 199. Calculate i(-2).
0
Let u(o) = o**3 + o**2 - o. Let g be 5*(3 + 1 - 18/5). Give u(g).
10
Let n(g) = g + 3. Suppose 19*c = 17*c + 90. Suppose -4*y - 61 + c = 0. What is n(y)?
-1
Suppose 4*o = 5*o. Suppose o = m - 4*m + 6. Let u(g) = -2*g + 11*g - m*g - 1 + 31*g**2 - 32*g**2. What is u(6)?
5
Let q(a) = a**2 - 3*a - 2. Let b be (-1)/2 + (-20)/8. Give q(b).
16
Let l(t) be the second derivative of t**8/960 - t**4/3 - 10*t. Let p(k) be the third derivative of l(k). Calculate p(-1).
-7
Let c(a) = 7*a + 1. Let y be 1560/(-741) - 4/(-38). Determine c(y).
-13
Let p(y) be the first derivative of -1/4*y**4 + 17 - y - 1/2*y**2 - 1/3*y**3. Let f = 8 - 10. Determine p(f).
5
Let q(i) be the third derivative of -i**4/8 + 4*i**3/3 - 104*i**2. Give q(-3).
17
Let w be (-14 - (-4 + 3))*-1. Let c(v) = -2 - 10*v + w*v - 8*v. Give c(-2).
8
Let x(q) = -q. Let y(j) = -j**2 + 5*j + 7. Let m(p) = 6*x(p) + y(p). Let v be (48/(-360) - (-34)/30)*25/(-5). Determine m(v).
-13
Let x(g) = -2*g**3 + 2*g**2 - 3*g - 4. Suppose 0 = 79*n - 81*n + 6. What is x(n)?
-49
Let d(p) = 5*p**2 + 262*p + 1 - 4*p**2 - 264*p + 0*p**2. Give d(1).
0
Let b(t) = t**2 + 11*t - 17. Let c be b(-13). Let q(z) = c*z + 7 - 16 + 8. Suppose 3*y - k = -0 - 5, -4*y - 14 = -5*k. Give q(y).
-10
Suppose -25 = -3*z + 4*z + 4*r, 5*r = 5*z. Let u(y) = -5*y + 6. What is u(z)?
31
Let x(q) = q**2 + 29. Let u(d) = -8*d - 64. Let i be u(-7). Let y(p) = -p - 8. Let o be y(i). What is x(o)?
29
Let y(m) = 6*m**2 - 7*m + 21. Let d(o) = o**2 + o. Let k(p) = 5*d(p) - y(p). Determine k(9).
6
Let v be 150/21 + -1*6/42. Let m(k) = -2*k + 16. Give m(v).
2
Let u(r) be the third derivative of -r**4/12 - 3*r**3/2 + 7*r**2. Let k be u(-6). Let v(o) = -2 - 2*o**2 + 3*o**3 - 1 - 4*o**k + 3*o + 5*o**2. Give v(3).
6
Let a(z) be the third derivative of z**5/12 - z**4/12 - z**3/6 - 17*z**2. Let b(v) = 6*v**2 - 3*v - 2. Let d(i) = 3*a(i) - 2*b(i). What is d(-1)?
4
Let r(z) = z**3 - z - 1. Let t(k) = 3*k**3 + 4*k**2 - k - 1. Let f(x) = -2*r(x) + t(x). Give f(-4).
-3
Let o(k) = k**2 + 4*k + 4. Let m be o(-3). Let q(f) = 9*f + 3*f - 2*f**2 - 11*f - f**3 + 2*f**3. Calculate q(m).
0
Let d(x) be the third derivative of x**5/60 - 7*x**4/24 + x**3/3 + 8*x**2. Suppose -h = -2*t - 15, -8*t + 11*t + 30 = 3*h. Give d(h).
-8
Let u = 2 + -3. Let b(m) = -4. Let a(x) = -1. Let w(o) = 3*a(o) - b(o). Let j(f) = -3*f - 6. Let v(r) = u*j(r) - 9*w(r). Give v(2).
3
Let f be -1*4/3 + (3 - 1). Let v(d) be the first derivative of -d + 3 - 1/2*d**2 + 1/4*d**4 + f*d**3. Calculate v(-2).
1
Let j(o) be the first derivative of -1/3*o**3 + o - 1/2*o**2 - 48 + 23/4*o**4. Give j(1).
22
Let n(q) = -43*q**2 + q. Let l(d) = -d + 21. Let c be l(22). Determine n(c).
-44
Let q(k) = k + 7. Let y(z) = z**2 - 4*z - 6. Let o be y(6). Determine q(o).
13
Let u(a) = a - 13. Let w be 6/14 + 156/28. Suppose 5 = -5*j, -11*c + w*c + 50 = -5*j. What is u(c)?
-4
Let c(q) be the second derivative of q**5/20 + 3*q**4/4 + q**3/2 + 13*q**2/2 + 119*q. Calculate c(-9).
-14
Let z(r) = -12*r**2 + 18*r**2 - 8*r**3 + 7*r**3 + 12*r - 9. C